i - 193733. What is u(-308)?
-1
Let j(a) = -6*a**2 + 2280*a + 21071. Calculate j(-9).
65
Let a(b) = -2*b**3 - 62*b**2 - 1080*b - 30594. Give a(-30).
6
Let m(k) = -18*k**2 - 26*k - 23. Determine m(-5).
-343
Let y(o) = -7922*o + 71295. Determine y(9).
-3
Let t(b) = 2713*b + 789282. Give t(-291).
-201
Let c(g) = -7449*g - 1586661. Determine c(-213).
-24
Let a(g) = -6*g**2 - 333*g + 181. What is a(-56)?
13
Let n(x) = 3*x**2 - 231877*x - 695636. Determine n(-3).
22
Let y(j) = 9*j**2 - 78*j - 1975. Calculate y(-17).
1952
Let g(m) = -31*m**2 + 1362*m - 185. Calculate g(44).
-273
Let l(j) = 7396*j + 7386. Determine l(-1).
-10
Let s(k) = k**2 + 241*k + 13501. Give s(-88).
37
Let x(l) = -80408*l + 482394. Determine x(6).
-54
Let m(j) = -1070*j - 7943. Calculate m(-8).
617
Let k(g) = -917*g + 676754. Give k(738).
8
Let h(m) = -17642*m - 617478. Calculate h(-35).
-8
Let x(w) = -8*w**3 - 3*w**2 - 950*w - 4705. Give x(-5).
970
Let m(u) = 16*u**2 + 2457*u - 1058. Calculate m(-154).
20
Let a(n) = 33500*n + 7906001. Give a(-236).
1
Let u(f) = 2*f**3 - 254*f**2 - 254*f - 921. Give u(128).
-665
Let a(d) = -50*d - 4877. What is a(-28)?
-3477
Let a(j) = j**3 - 33*j**2 + j - 138. What is a(35)?
2347
Let n(a) = 38*a**2 + 8886*a - 1242. Give n(-234).
162
Let v(i) = 45211*i + 180848. Determine v(-4).
4
Let g(j) = 60289*j + 482390. Determine g(-8).
78
Let n(u) = 220*u - 4056. What is n(19)?
124
Let j(k) = -26*k**2 - 290*k + 102. What is j(-14)?
-934
Let v(j) = j**3 - 216*j**2 + 8966*j - 326. Determine v(56).
10
Let s(o) = -151994*o - 911959. Calculate s(-6).
5
Let h(j) = -3*j**2 + 848*j + 44202. Calculate h(-45).
-33
Let i(p) = -297122*p + 13370495. Determine i(45).
5
Let n(k) = 700*k - 139947. Give n(199).
-647
Let i(r) = -43*r**2 + 5856*r - 18221. Determine i(133).
0
Let l(a) = -a**2 + 903*a - 64371. Give l(78).
-21
Let n(x) = -x**3 + 7*x**2 + 256*x - 2692. Give n(11).
-360
Let f(i) = i**3 - 5*i**2 + 195*i - 970. Give f(5).
5
Let n(y) = 3964*y + 241794. What is n(-61)?
-10
Let f(g) = -496*g**2 + 6155*g - 6156. What is f(1)?
-497
Let j(t) = t**3 + 32*t**2 + 273*t + 35. What is j(-20)?
-625
Let l(x) = -x**2 - 210*x - 9088. Give l(-149).
1
Let h(v) = 2*v**2 + 125*v + 2440. Calculate h(-41).
677
Let t(k) = -327*k - 34434. Determine t(-105).
-99
Let a(t) = 23*t**2 + 1256*t + 1935. Calculate a(-53).
-26
Let z(s) = 2*s**2 + 2245*s - 78572. Calculate z(34).
70
Let c(k) = k**3 + 162*k**2 + 3530*k - 86. Calculate c(-26).
70
Let g(f) = -6*f**2 - 141*f + 744. Calculate g(-28).
-12
Let d(i) = 802*i + 67454. Determine d(-83).
888
Let j(y) = -43*y**3 + 555*y**2 + 42*y + 103. What is j(13)?
-27
Let i(s) = 10*s**2 - 1299*s - 5245. Give i(-4).
111
Let u(t) = t**3 - 41*t**2 - 341*t - 561. Determine u(-5).
-6
Let h(t) = 15*t**2 - 155*t + 348. Determine h(6).
-42
Let l(a) = -89767*a + 448920. Give l(5).
85
Let w(b) = b**3 - 30*b**2 + 207*b - 22. Calculate w(13).
-204
Let b(s) = 102*s + 2380. What is b(-27)?
-374
Let t(j) = -12652*j + 88598. What is t(7)?
34
Let m(b) = 337*b**3 - 23*b**2 - 10*b + 4. Give m(-2).
-2764
Let l(c) = 2*c**3 - 30*c**2 + 147*c - 38. Determine l(5).
197
Let s(t) = 53512*t + 321096. Give s(-6).
24
Let t(q) = -2*q**3 + 215*q**2 + 308*q + 2048. Determine t(109).
-23
Let w(z) = -121005*z - 484012. Calculate w(-4).
8
Let r(t) = t**3 - 627*t**2 - 4433*t + 50. Calculate r(-7).
15
Let k(y) = -y**3 - 100*y**2 + 447*y - 102. What is k(-104)?
-3326
Let g(d) = 9210*d - 424091. Give g(46).
-431
Let p(s) = -469*s**3 - 65*s**2 + 68*s - 2. Give p(1).
-468
Let d(u) = -13144*u - 14189. Calculate d(-1).
-1045
Let m(z) = 4*z**2 - 60216*z + 661904. Give m(11).
12
Let z(d) = d**3 + 210*d**2 - 36014*d - 7577443. Calculate z(-208).
-3
Let u(z) = -2*z**3 - 18*z**2 + 806*z + 5043. What is u(-6)?
-9
Let k(n) = -42*n**3 + 40*n**2 + 34*n - 80. Calculate k(-2).
348
Let q(d) = -5*d**3 - 320*d**2 - 99*d - 6376. Calculate q(-64).
-40
Let t(r) = 65757*r - 657595. Calculate t(10).
-25
Let l(w) = 1264*w - 22536. Calculate l(17).
-1048
Let w(c) = 203*c**3 + 1857*c**2 + 271*c + 19. Determine w(-9).
10
Let f(v) = -23069*v - 69174. Calculate f(-3).
33
Let s(b) = -3*b**2 - 258*b - 6163. What is s(-43)?
-616
Let r(f) = f**2 - 486*f + 30860. Calculate r(75).
35
Let b(d) = -d**2 - 455*d + 87031. Give b(-600).
31
Let f(k) = 85653*k - 31605943. Give f(369).
14
Let i(z) = z**3 + 24*z**2 + 309*z + 2130. What is i(-13)?
-28
Let m(j) = 1178412*j + 12962556. Determine m(-11).
24
Let p(l) = -432469*l + 1297413. Determine p(3).
6
Let r(m) = 12049*m - 36153. Determine r(3).
-6
Let p(z) = -9*z**2 + 35747*z - 35748. What is p(1)?
-10
Let v(j) = -16*j**2 + 513*j + 4791. What is v(-9)?
-1122
Let n(f) = f**2 + 255*f + 15352. What is n(-97)?
26
Let v(s) = 1158*s**2 - 357821*s - 306. Calculate v(309).
3
Let h(q) = 3*q**2 + 236*q + 3756. What is h(-19)?
355
Let r(g) = g**3 - 73*g**2 + 1322*g - 275. Determine r(32).
45
Let n(s) = 2*s**2 + 114*s + 1643. Determine n(-30).
23
Let x(v) = 16889*v**2 - 67520*v. What is x(4)?
144
Let a(x) = x**2 - 1181*x + 66682. Calculate a(59).
484
Let w(o) = 142059*o + 1278555. Determine w(-9).
24
Let s(d) = -166*d + 53799. Determine s(326).
-317
Let x(f) = -3*f**3 + 245*f**2 - 160*f - 100. Give x(81).
62
Let d(b) = 10*b**3 - 799*b**2 - 89*b + 725. Determine d(80).
5
Let m(z) = 28*z**2 - 92*z - 532. Give m(-3).
-4
Let q(u) = -3*u**3 + u**2 - 3623*u - 7247. Calculate q(-2).
27
Let j(b) = 378*b - 5649. Determine j(15).
21
Let j(w) = w**3 + 16*w**2 - 249*w - 1395. Give j(-24).
-27
Let x(k) = -2*k**3 + 633*k**2 + 2899*k - 3214. Calculate x(321).
-4
Let h(q) = -7607*q + 24321. What is h(3)?
1500
Let k(h) = -9*h**2 - 1723*h - 2160. Determine k(-190).
310
Let s(n) = 5*n**3 - 10184*n + 10184. What is s(1)?
5
Let o(f) = 6*f**2 + 1196*f - 21330. What is o(-215)?
-1120
Let a(j) = j**3 - 10*j**2 - 13388*j + 120572. Give a(9).
-1
Let z(c) = 2*c**3 + 291*c**2 - 352*c + 13078. Determine z(-147).
-5
Let r(a) = -5820*a + 34564. Calculate r(6).
-356
Let o(a) = 4*a**2 + 839*a + 4458. What is o(-204)?
-234
Let l(y) = -136*y**2 + 350*y + 734. Calculate l(-2).
-510
Let y(s) = -2*s**3 - 25*s**2 - 86*s - 27. Give y(-13).
1260
Let f(l) = 3156*l + 205354. Give f(-65).
214
Let o(w) = 11824*w + 8016652. Calculate o(-678).
-20
Let s(v) = 66288*v + 265378. Give s(-4).
226
Let h(m) = m**2 + 6691*m + 581067. Give h(-88).
3
Let v(b) = 10*b**3 + 1971*b**2 + 195*b - 442. Calculate v(-197).
-48
Let r(s) = 96*s**2 - 1037*s - 70. Calculate r(11).
139
Let l(t) = t**2 - 156*t - 9731. What is l(-45)?
-686
Let z(f) = 431949*f - 10366783. Calculate z(24).
-7
Let y(b) = 4*b**2 + 407*b + 2316. What is y(-6)?
18
Let z(g) = 2*g**2 + 3162*g + 102141. Determine z(-33).
-27
Let n(o) = 3*o**3 - 46*o**2 - 32*o + 332. Calculate n(15).
-373
Let u(p) = -612790*p + 11643022. Determine u(19).
12
Let x(z) = -8*z**3 - 960*z**2 + 975*z + 877. What is x(-121)?
30
Let w(n) = 5779*n - 108651. Calculate w(19).
1150
Let j(d) = 341158*d + 4776211. Give j(-14).
-1
Let x(c) = -7*c**2 + 88*c + 354. What is x(-4)?
-110
Let n(c) = 768*c + 1836. What is n(0)?
1836
Let b(y) = -7*y**3 - 11*y**2 - 5*y - 96. What is b(-3)?
9
Let u(h) = 367573*h + 4778455. Give u(-13).
6
Let q(h) = 26*h**2 - 531*h - 14. Give q(19).
-717
Let s(p) = -43*p**2 - 243*p. Calculate s(-5).
140
Let c(z) = 284*z + 23310. Give c(-82).
22
Let w(f) = -8*f**2 + 936*f - 358. Calculate w(117).
-358
Let i(a) = -a**3 - 10*a**2 + 5363*a + 93949. Calculate i(-18).
7
Let a(g) = -17*g**3 - 1600*g**2 - 204*g - 1542. Give a(-94).
-38
Let x(p) = 233145*p + 10258384. Calculate x(-44).
4
Let z(h) = -2*h**3 - 34*h**2 - 94*h - 1306. Calculate z(-16).
-314
Let f(g) = 1318*g - 91225. Calculate f(68).
-1601
Let h(o) = 193131*o - 1351926. Calculate h(7).
-9
Let b(j) = 3*j**2 - 6469*j - 25858. Determine b(-4).
66
Let v(y) = 3*y**2 + 49111*y - 1131128. Calculate v(23).
12
Let r(p) = 4*p**3 - 134*p - 535. Calculate r(-6).
-595
Let h(f) = -248*f**3 - 8921*f**2 + 259*f + 251. What is h(-36)?
-1
Let s(q) = -75*q + 5709. Calculate s(76).
9
Let x(i) = -3*i**3 - 256*i**2 - 46*i + 3349. Give x(-85).
34
Let i(a) = 24*a**3 - 279*a**2 + 403*a - 140. Determine i(10).
-10
Let d(f) = 20953*f + 41865. Give d(-2).
-41
Let k(t) = 10*t**2 - 728*t - 12325. Give k(87).
29
Let u(z) = z**3 - 114*z**2 + 865*z - 2121. Give u(106).
-319
Let b